6
What is -137245 (base 8) in base 6?
-1013541
2214 (base 5) to base 2
100110101
Convert 10151 (base 6) to base 12.
957
Convert -2217 (base 11) to base 5.
-43142
Convert 2862 (base 11) to base 13.
18b6
Convert -304500 (base 6) to base 4.
-11330310
Convert -1251 (base 8) to base 3.
-221020
Convert 1000000111100100 (base 2) to base 7.
165642
-104063 (base 7) to base 13
-83ab
What is 240420 (base 5) in base 11?
6725
1012201 (base 3) to base 8
1563
Convert -14353 (base 7) to base 14.
-162a
What is -1001 (base 2) in base 5?
-14
-1174 (base 15) to base 4
-321331
-36530 (base 9) to base 11
-17443
What is -307 (base 8) in base 4?
-3013
What is 1a507 (base 14) in base 11?
46247
Convert -200 (base 11) to base 4.
-3302
What is 232040 (base 7) in base 12?
2004b
What is -5165 (base 11) in base 16?
-1abf
-2120022 (base 4) to base 3
-111100200
Convert -5114 (base 8) to base 9.
-3548
Convert 24679 (base 11) to base 15.
a763
Convert 1433 (base 7) to base 3.
202212
What is -2822 (base 9) in base 6?
-13502
-1110110111 (base 2) to base 10
-951
What is -73534 (base 10) in base 8?
-217476
-7b73 (base 15) to base 3
-1022221200
Convert 1275 (base 11) to base 10.
1655
Convert -4347 (base 14) to base 16.
-2d6b
Convert 1687 (base 14) to base 3.
12112121
1b0 (base 16) to base 9
530
1011111001001 (base 2) to base 10
6089
19ce (base 15) to base 9
7605
Convert 16351 (base 9) to base 4.
2233120
1122021 (base 3) to base 11
997
Convert -3a6 (base 16) to base 11.
-77a
-15864 (base 10) to base 9
-23676
546 (base 14) to base 7
3016
What is 1cd1 (base 16) in base 4?
1303101
-211d (base 15) to base 7
-26263
What is 12211222 (base 3) in base 6?
31425
-2367 (base 8) to base 2
-10011110111
-2002 (base 4) to base 5
-1010
What is -27832 (base 11) in base 15?
-bb02
Convert -242 (base 5) to base 16.
-48
Convert -475 (base 8) to base 13.
-1b5
-1100101001111 (base 2) to base 16
-194f
What is -ad8 (base 15) in base 12?
-1505
What is -112113 (base 4) in base 11?
-1091
Convert 42d0 (base 14) to base 9.
16753
5446 (base 9) to base 6
30323
Convert -12bc (base 13) to base 12.
-1682
-12111212 (base 3) to base 12
-23ab
Convert -2002321 (base 4) to base 13.
-3a75
-7828 (base 10) to base 13
-3742
Convert -932 (base 10) to base 14.
-4a8
What is -906 (base 11) in base 8?
-2107
What is -85a (base 13) in base 16?
-593
28530 (base 10) to base 7
146115
Convert -2318 (base 13) to base 9.
-6668
What is -137b6 (base 12) in base 4?
-12212322
What is 968 (base 12) in base 5?
21001
e530 (base 16) to base 13
20923
Convert 997 (base 11) to base 7.
3325
Convert 720 (base 11) to base 5.
11434
-12333 (base 6) to base 7
-5262
Convert -1011011000 (base 2) to base 15.
-338
-342 (base 10) to base 14
-1a6
-13315 (base 6) to base 11
-1606
857 (base 13) to base 10
1424
What is 267 (base 9) in base 11?
193
What is 55 (base 9) in base 16?
32
Convert -2325 (base 6) to base 2.
-1000101101
Convert 4166 (base 7) to base 5.
21334
Convert 22030202 (base 4) to base 11.
29416
What is -1042 (base 5) in base 10?
-147
Convert 123646 (base 7) to base 13.
a5b8
What is -347 (base 10) in base 9?
-425
2074 (base 8) to base 13
655
What is 44 (base 16) in base 12?
58
-51544 (base 6) to base 4
-1223320
Convert 2232 (base 4) to base 2.
10101110
-22504 (base 9) to base 14
-5669
193 (base 10) to base 13
11b
What is 227 (base 15) in base 8?
747
What is 157e (base 15) in base 4?
1020023
Convert -3175 (base 9) to base 11.
-1834
What is 154071 (base 8) in base 4?
31200321
-10101011100 (base 2) to base 11
-1038
Convert -314 (base 11) to base 9.
-460
What is 302312 (base 7) in base 10?
51263
What is -193 (base 10) in base 12?
-141
2002111220 (base 3) to base 4
22003233
1243 (base 16) to base 4
1021003
-4046 (base 11) to base 16
-14fe
Convert a1a7 (base 14) to base 6.
332343
1011011101110 (base 2) to base 14
21d4
-24156 (base 10) to base 5
-1233111
What is -4531 (base 6) in base 14?
-55d
14056 (base 8) to base 9
8437
-1352 (base 13) to base 15
-c4b
-1713 (base 12) to base 6
-20423
Convert 21011 (base 4) to base 2.
1001000101
What is 163b (base 14) in base 2?
111110000101
Convert -39dd (base 15) to base 8.
-30106
What is -220100000 (base 3) in base 10?
-17739
What is -1102211211 (base 3) in base 15?
-85cd
What is -35a (base 14) in base 15?
-2e8
56cf (base 16) to base 8
53317
1453 (base 6) to base 4
12021
What is -3399 (base 11) in base 14?
-18ac
Convert 1133 (base 10) to base 13.
692
7240 (base 8) to base 12
2200
Convert -1525 (base 10) to base 11.
-1167
What is 43ab (base 12) in base 15?
2335
What is 130101 (base 4) in base 15?
809
Convert -1213544 (base 6) to base 5.
-4024420
544 (base 6) to base 5
1313
Convert 3c (base 16) to base 15.
40
513244 (base 6) to base 7
230212
Convert 392 (base 10) to base 13.
242
Convert 730 (base 11) to base 10.
880
What is 476a (base 11) in base 6?
44531
What is 17710 (base 9) in base 16?
2fd0
What is -5343 (base 6) in base 4?
-102333
What is -101022021 (base 3) in base 12?
-4421
What is -40833 (base 9) in base 6?
-324350
Convert -37b5 (base 12) to base 11.
-4834
What is -1133112 (base 4) in base 11?
-4648
Convert -1101 (base 8) to base 12.
-401
62661 (base 7) to base 4
3301011
Convert -6215 (base 14) to base 8.
-40753
What is 210020012 (base 3) in base 9?
23205
What is -20433 (base 6) in base 9?
-3703
-12443 (base 6) to base 11
-1477
55215 (base 9) to base 12
19242
What is -121000 (base 3) in base 5?
-3212
-93c (base 15) to base 8
-4042
What is -151 (base 16) in base 5?
-2322
What is -104035 (base 6) in base 13?
-3c35
Convert 10100100101 (base 2) to base 10.
1317
What is -1470 (base 8) in base 2?
-1100111000
3721 (base 9) to base 13
1354
Convert 113344 (base 8) to base 7.
220422
Convert -439 (base 13) to base 7.
-2053
What is -159 (base 15) in base 9?
-373
What is -21021330 (base 4) in base 8?
-111174
-50021 (base 7) to base 9
-17435
What is 1028 (base 12) in base 4?
123200
What is 54524 (base 7) in base 14?
4d84
What is -1645 (base 9) in base 5?
-20011
Convert -2e8 (base 15) to base 14.
-35a
Convert 11334 (base 5) to base 2.
1101001100
Convert 31013 (base 6) to base 3.
12122100
What is -2235 (base 10) in base 6?
-14203
What is -26707 (base 9) in base 10?
-18070
What is 2aa (base 11) in base 9?
442
-10132 (base 4) to base 14
-166
What is -110010101 (base 2) in base 5?
-3110
Convert 31003 (base 6) to base 5.
112412
8a8 (base 14) to base 12
bb0
Convert -4338 (base 13) to base 16.
-247e
Convert -3362 (base 9) to base 5.
-34421
-2229 (base 10) to base 7
-6333
232 (base 9) to base 15
cb
Convert -332411 (base 5) to base 13.
-538a
-438 (base 12) to base 3
-211222
-102 (base 8) to base 13
-51
Convert -12402 (base 5) to base 8.
-1721
What is -22146 (base 7) in base 4?
-1113003
Convert 120 (base 9) to base 5.
344
What is 587 (base 10) in base 15?
292
651 (base 8) to base 15
1d5
Convert 11ed (base 15) to base 9.
5217
813c (base 15) to base 11
19552
What is 1654 (base 8) in base 2?
1110101100
What is c3 (base 13) in base 2?
10011111
Convert -2db (base 14) to base 16.
-249
356 (base 12) to base 6
2150
-2347 (base 9) to base 4
-123100
Convert -11344 (base 5) to base 8.
-1521
What is 62564 (base 8) in base 10?
25972
What is -1275 (base 10) in base 7?
-3501
Convert 211002012 (base 3) to base 15.
4b82
What is -342 (base 9) in base 10?
-281
5512 (base 12) to base 2
10010010011110
What is 200231 (base 5) in base 6?
45124
Convert -102022 (base 4) to base 10.
-1162
Convert 150263 (base 7) to base 5.
1411310
What is 267c (base 14) in base 11?
50a9
110010001010 (base 2) to base 15
e40
1dc (base 14) to base 5
3030
Convert -450 (base 15) to base 16.
-3cf
Convert -3706 (base 9) to base 10.
-2760
120450 (base 6) to base 15
31cc
What is -1211110 (base 3) in base 2?
-10100110111
Convert 22121 (base 3) to base 12.
174
Convert -421 (base 9) to base 13.
-205
Convert 78885 (base 10) to base 7.
445662
What is -348 (base 16) in base 7?
-2310
What is 23f (base 16) in base 12?
3bb
Convert -211233 (base 5) to base 9.
-10623
-2115 (base 7) to base 2
-1011101011
-57655 (base 8) to base 4
-11332231
What is -1622 (base 12) in base 14?
-d50
What is -6236 (base 9) in base 12?
-2789
What is 4445 (base 6) in base 11?
863
What is -1055 (base 6) in base 14?
-13d
What is 2154 (base 6) in base 5?
4002
-1cb6a (base 13) to base 15
-11cb7
Convert -3d9 (base 14) to base